{"id":172,"date":"2022-07-11T13:33:16","date_gmt":"2022-07-11T13:33:16","guid":{"rendered":"http:\/\/demo.aival.fi\/?page_id=172"},"modified":"2025-05-19T12:29:52","modified_gmt":"2025-05-19T12:29:52","slug":"tule-jaseneksi","status":"publish","type":"page","link":"https:\/\/www.suomiruokaa.fi\/index.php\/tule-jaseneksi\/","title":{"rendered":"Tule j\u00e4seneksi"},"content":{"rendered":"<p>[et_pb_section fb_built=&#8221;1&#8243; _builder_version=&#8221;4.17.3&#8243; _module_preset=&#8221;default&#8221; background_color=&#8221;#c7cdc3&#8243; global_colors_info=&#8221;{}&#8221;][et_pb_row _builder_version=&#8221;4.17.3&#8243; _module_preset=&#8221;default&#8221; hover_enabled=&#8221;0&#8243; global_colors_info=&#8221;{}&#8221; sticky_enabled=&#8221;0&#8243;][et_pb_column type=&#8221;4_4&#8243; _builder_version=&#8221;4.17.3&#8243; _module_preset=&#8221;default&#8221; global_colors_info=&#8221;{}&#8221;][et_pb_text _builder_version=&#8221;4.17.3&#8243; _module_preset=&#8221;default&#8221; text_font=&#8221;Lora||||||||&#8221; text_text_color=&#8221;#000000&#8243; text_font_size=&#8221;18px&#8221; header_2_font=&#8221;Lora|700|||||||&#8221; header_2_text_align=&#8221;center&#8221; header_2_text_color=&#8221;#748168&#8243; header_2_font_size=&#8221;47px&#8221; text_orientation=&#8221;center&#8221; hover_enabled=&#8221;0&#8243; global_colors_info=&#8221;{}&#8221; sticky_enabled=&#8221;0&#8243;]<\/p>\n<div class=\"col-12\">\n<div class=\"t_h7 d_h7 d_w d_cw t_bP d_fq d_bD d_dw\">\n<div>\n<h2>Tule j\u00e4seneksi<\/h2>\n<p>\u00a0<br \/><span style=\"font-size: 18px;\">Koska haluamme kotimaista ruokaa jatkossakin<\/span><\/p>\n<\/div>\n<\/div>\n<\/div>\n<p>[\/et_pb_text][\/et_pb_column][\/et_pb_row][\/et_pb_section][et_pb_section fb_built=&#8221;1&#8243; _builder_version=&#8221;4.22.1&#8243; _module_preset=&#8221;default&#8221; background_color=&#8221;#f3efef&#8221; global_colors_info=&#8221;{}&#8221;][et_pb_row column_structure=&#8221;1_4,1_4,1_4,1_4&#8243; _builder_version=&#8221;4.22.1&#8243; _module_preset=&#8221;default&#8221; global_colors_info=&#8221;{}&#8221;][et_pb_column type=&#8221;1_4&#8243; _builder_version=&#8221;4.17.3&#8243; _module_preset=&#8221;default&#8221; global_colors_info=&#8221;{}&#8221;][et_pb_image src=&#8221;http:\/\/www.suomiruokaa.fi\/wp-content\/uploads\/2022\/08\/kuvajas1-1.png&#8221; alt=&#8221;Vihannekset p\u00f6yd\u00e4ll\u00e4&#8221; title_text=&#8221;Vihannekset&#8221; align=&#8221;center&#8221; _builder_version=&#8221;4.17.3&#8243; _module_preset=&#8221;default&#8221; border_radii=&#8221;on|500px|500px|500px|500px&#8221; global_colors_info=&#8221;{}&#8221;][\/et_pb_image][et_pb_text _builder_version=&#8221;4.17.3&#8243; _module_preset=&#8221;default&#8221; text_text_color=&#8221;#000000&#8243; text_font_size=&#8221;18px&#8221; header_font=&#8221;|800|||||||&#8221; header_text_align=&#8221;center&#8221; header_text_color=&#8221;#748168&#8243; text_orientation=&#8221;center&#8221; global_colors_info=&#8221;{}&#8221;]<\/p>\n<h1 class=\"et_pb_module_header\">Kan\u00adna\u00adtus\u00adj\u00e4\u00adse\u00adnyys<\/h1>\n<div>\n<p>Kannatusj\u00e4senen\u00e4 tuet suomalaisen ruoan alkutuottajaa.<br \/>J\u00e4senyys ei ole sitova.<\/p>\n<p>Kannatusj\u00e4senmaksu on vapaavalintainen, kuitenkin minimiss\u00e4\u00e4n 10\u20ac<\/p>\n<p>&nbsp;<\/p>\n<h1>10.00 &#8211; vapaa \u20ac<\/h1>\n<\/div>\n<p>[\/et_pb_text][\/et_pb_column][et_pb_column type=&#8221;1_4&#8243; _builder_version=&#8221;4.17.3&#8243; _module_preset=&#8221;default&#8221; global_colors_info=&#8221;{}&#8221;][et_pb_image src=&#8221;http:\/\/www.suomiruokaa.fi\/wp-content\/uploads\/2022\/08\/kuvajas2.png&#8221; alt=&#8221;Lehm\u00e4 pellolla&#8221; title_text=&#8221;Lehm\u00e4&#8221; align=&#8221;center&#8221; _builder_version=&#8221;4.17.3&#8243; _module_preset=&#8221;default&#8221; filter_brightness=&#8221;133%&#8221; border_radii=&#8221;on|500px|500px|500px|500px&#8221; global_colors_info=&#8221;{}&#8221;][\/et_pb_image][et_pb_text _builder_version=&#8221;4.17.3&#8243; _module_preset=&#8221;default&#8221; text_text_color=&#8221;#000000&#8243; text_font_size=&#8221;18px&#8221; header_font=&#8221;|800|||||||&#8221; header_text_align=&#8221;center&#8221; header_text_color=&#8221;#f29c75&#8243; text_orientation=&#8221;center&#8221; global_colors_info=&#8221;{}&#8221;]<\/p>\n<h1 class=\"et_pb_module_header\">J\u00e4senyys<\/h1>\n<div>\n<p>J\u00e4senen\u00e4 tuet suomalaisen ruoan alkutuottajaa. Saat kahden kuukauden v\u00e4lein Suomiruokaa ry ja tilallisen terveiset tiedotteen s\u00e4hk\u00f6postiisi.<br \/>Lis\u00e4ksi p\u00e4\u00e4set vaikuttamaan \u00e4\u00e4nell\u00e4si yhdistyksen vuosikokouksessa.<br \/>J\u00e4senyys ei ole sitova<\/p>\n<p>&nbsp;<\/p>\n<h1>45.00 \u20ac<\/h1>\n<\/div>\n<p>[\/et_pb_text][\/et_pb_column][et_pb_column type=&#8221;1_4&#8243; _builder_version=&#8221;4.19.4&#8243; _module_preset=&#8221;default&#8221; global_colors_info=&#8221;{}&#8221;][et_pb_image src=&#8221;http:\/\/www.suomiruokaa.fi\/wp-content\/uploads\/2023\/04\/Resized_20210713_171643-e1682515283852.jpg&#8221; alt=&#8221;Lehm\u00e4 pellolla&#8221; title_text=&#8221;punajuuri&#8221; align=&#8221;center&#8221; _builder_version=&#8221;4.19.4&#8243; _module_preset=&#8221;default&#8221; filter_brightness=&#8221;133%&#8221; border_radii=&#8221;on|500px|500px|500px|500px&#8221; global_colors_info=&#8221;{}&#8221;][\/et_pb_image][et_pb_text _builder_version=&#8221;4.19.4&#8243; _module_preset=&#8221;default&#8221; text_text_color=&#8221;#000000&#8243; text_font_size=&#8221;18px&#8221; header_font=&#8221;|800|||||||&#8221; header_text_align=&#8221;center&#8221; header_text_color=&#8221;#f29c75&#8243; text_orientation=&#8221;center&#8221; global_colors_info=&#8221;{}&#8221;]<\/p>\n<h1 class=\"et_pb_module_header\"><span style=\"color: #3c3fe8;\">Yritys- ja yhteis\u00f6j\u00e4senyys<\/span><\/h1>\n<div>\n<p>Kannatusj\u00e4senen\u00e4 tuet suomalaisen ruoan alkutuottajaa.<br \/>J\u00e4senyys ei ole sitova.<\/p>\n<p>Kannatusj\u00e4senmaksu on vapaavalintainen, kuitenkin minimiss\u00e4\u00e4n 100\u20ac<\/p>\n<p>&nbsp;<\/p>\n<h1><span style=\"color: #3c3fe8;\">min. 100.00 \u20ac<\/span><\/h1>\n<\/div>\n<p>[\/et_pb_text][\/et_pb_column][et_pb_column type=&#8221;1_4&#8243; _builder_version=&#8221;4.17.3&#8243; _module_preset=&#8221;default&#8221; global_colors_info=&#8221;{}&#8221;][et_pb_image src=&#8221;http:\/\/www.suomiruokaa.fi\/wp-content\/uploads\/2022\/08\/kuvajas3.png&#8221; alt=&#8221;Auringonlasku&#8221; title_text=&#8221;Auringonlasku&#8221; align=&#8221;center&#8221; _builder_version=&#8221;4.19.4&#8243; _module_preset=&#8221;default&#8221; border_radii=&#8221;on|500px|500px|500px|500px&#8221; global_colors_info=&#8221;{}&#8221;][\/et_pb_image][et_pb_text _builder_version=&#8221;4.17.3&#8243; _module_preset=&#8221;default&#8221; text_text_color=&#8221;#000000&#8243; text_font_size=&#8221;18px&#8221; header_font=&#8221;|800|||||||&#8221; header_text_align=&#8221;center&#8221; header_text_color=&#8221;#748168&#8243; text_orientation=&#8221;center&#8221; custom_margin=&#8221;||315px|||&#8221; global_colors_info=&#8221;{}&#8221;]<\/p>\n<h1 class=\"et_pb_module_header\">Lah\u00adjoi\u00adtuk\u00adset ja muu yhteisty\u00f6<\/h1>\n<div>\n<p><span>Olethan yhteydess\u00e4 suoraan info@suomiruokaa.fi<\/span><\/p>\n<\/div>\n<p>[\/et_pb_text][\/et_pb_column][\/et_pb_row][et_pb_row _builder_version=&#8221;4.22.1&#8243; _module_preset=&#8221;default&#8221; global_colors_info=&#8221;{}&#8221;][et_pb_column type=&#8221;4_4&#8243; _builder_version=&#8221;4.22.1&#8243; _module_preset=&#8221;default&#8221; global_colors_info=&#8221;{}&#8221;][et_pb_button button_url=&#8221;http:\/\/www.suomiruokaa.fi\/index.php\/liity-jaseneksi\/&#8221; button_text=&#8221;Klikkaa ja liity!&#8221; _builder_version=&#8221;4.22.1&#8243; _module_preset=&#8221;default&#8221; global_colors_info=&#8221;{}&#8221;][\/et_pb_button][\/et_pb_column][\/et_pb_row][et_pb_row _builder_version=&#8221;4.22.1&#8243; _module_preset=&#8221;default&#8221; global_colors_info=&#8221;{}&#8221;][et_pb_column type=&#8221;4_4&#8243; _builder_version=&#8221;4.22.1&#8243; _module_preset=&#8221;default&#8221; global_colors_info=&#8221;{}&#8221;][et_pb_button button_url=&#8221;http:\/\/www.suomiruokaa.fi\/wp-content\/uploads\/2022\/08\/Jasenehdot-ja-edut.pdf&#8221; button_text=&#8221;J\u00e4senehdot ja edut&#8221; _builder_version=&#8221;4.22.1&#8243; _module_preset=&#8221;default&#8221; global_colors_info=&#8221;{}&#8221;][\/et_pb_button][\/et_pb_column][\/et_pb_row][\/et_pb_section]<\/p>\n","protected":false},"excerpt":{"rendered":"<p>Tule j\u00e4seneksi \u00a0Koska haluamme kotimaista ruokaa jatkossakin Kan\u00adna\u00adtus\u00adj\u00e4\u00adse\u00adnyys Kannatusj\u00e4senen\u00e4 tuet suomalaisen ruoan alkutuottajaa.J\u00e4senyys ei ole sitova. Kannatusj\u00e4senmaksu on vapaavalintainen, kuitenkin minimiss\u00e4\u00e4n 10\u20ac &nbsp; 10.00 &#8211; vapaa \u20ac J\u00e4senyys J\u00e4senen\u00e4 tuet suomalaisen ruoan alkutuottajaa. Saat kahden kuukauden v\u00e4lein Suomiruokaa ry ja tilallisen terveiset tiedotteen s\u00e4hk\u00f6postiisi.Lis\u00e4ksi p\u00e4\u00e4set vaikuttamaan \u00e4\u00e4nell\u00e4si yhdistyksen vuosikokouksessa.J\u00e4senyys ei ole sitova &nbsp; 45.00 \u20ac [&hellip;]<\/p>\n","protected":false},"author":3,"featured_media":0,"parent":0,"menu_order":0,"comment_status":"closed","ping_status":"closed","template":"","meta":{"_et_pb_use_builder":"on","_et_pb_old_content":"","_et_gb_content_width":"","footnotes":""},"class_list":["post-172","page","type-page","status-publish","hentry"],"_links":{"self":[{"href":"https:\/\/www.suomiruokaa.fi\/index.php\/wp-json\/wp\/v2\/pages\/172","targetHints":{"allow":["GET"]}}],"collection":[{"href":"https:\/\/www.suomiruokaa.fi\/index.php\/wp-json\/wp\/v2\/pages"}],"about":[{"href":"https:\/\/www.suomiruokaa.fi\/index.php\/wp-json\/wp\/v2\/types\/page"}],"author":[{"embeddable":true,"href":"https:\/\/www.suomiruokaa.fi\/index.php\/wp-json\/wp\/v2\/users\/3"}],"replies":[{"embeddable":true,"href":"https:\/\/www.suomiruokaa.fi\/index.php\/wp-json\/wp\/v2\/comments?post=172"}],"version-history":[{"count":29,"href":"https:\/\/www.suomiruokaa.fi\/index.php\/wp-json\/wp\/v2\/pages\/172\/revisions"}],"predecessor-version":[{"id":846,"href":"https:\/\/www.suomiruokaa.fi\/index.php\/wp-json\/wp\/v2\/pages\/172\/revisions\/846"}],"wp:attachment":[{"href":"https:\/\/www.suomiruokaa.fi\/index.php\/wp-json\/wp\/v2\/media?parent=172"}],"curies":[{"name":"wp","href":"https:\/\/api.w.org\/{rel}","templated":true}]}}